 -3*v = -2*y - 58, -5*y = -10*y - 25. What is the tens digit of v?
1
Let i(w) = -w**3 - 11*w**2 - 10*w + 5. Let t be i(-10). Suppose -t*j - 5 = -70. What is the units digit of j?
3
Let q = -46 + 66. What is the units digit of q?
0
Let z(v) = -v**2 + 7*v + 10. Let c be z(9). What is the units digit of 150/24 - (-2)/c?
6
Let i(d) = -5*d**3 + 4*d**3 + 6*d + 0*d**3 + 5*d**2 + 4. Suppose 0 = -2*t - 0*t + 12. What is the units digit of i(t)?
4
Let f(r) = r**2 + 8*r + 5. Let g be f(-8). Suppose g*h - 275 = -90. What is the units digit of h?
7
Let b(r) = r**2 - 2*r - 12. Suppose -32 = 6*g - 10*g. What is the units digit of b(g)?
6
Let g(s) = 2*s - 9. Let b be ((-10)/(-15))/(2/15). What is the units digit of g(b)?
1
Suppose -u - 3*u + 44 = 2*y, 11 = u + 5*y. Let w = u + -5. What is the units digit of w?
6
Let q(j) = j**2. Let c(k) = 4*k**2 + 2*k - 1. Let z(s) = c(s) + 2*q(s). Suppose 5*a - 3 = 2. What is the units digit of z(a)?
7
Let c be -3*(-2 + 0 + 1). What is the units digit of ((-9)/(-6))/(c/14)?
7
Let f(p) = 3*p**2 - 5*p + 2. Let l be f(3). Let v = l + 5. What is the units digit of v?
9
Let b = -8 + 14. Let p(z) = z**3 - 5*z**2 - 4*z - 1. What is the tens digit of p(b)?
1
Suppose 0 = 3*s + 15 - 99. What is the tens digit of s?
2
Suppose -2*w + 32 - 26 = 0. Suppose w*u - 50 = -11. What is the units digit of u?
3
Suppose 3*h = -27 + 75. What is the units digit of 187/4 - (-4)/h?
7
Let w be -4 + 0 - (-5 + 1). Suppose w = -7*i + 4*i + 84. What is the units digit of i?
8
Let h(l) = 201*l**2 + 7*l - 6. What is the units digit of h(1)?
2
Suppose 5*m = -u - 2*u + 412, 3*m = 3*u - 444. What is the tens digit of u?
4
Suppose -5*w - 2*q + q + 77 = 0, 4*q = -4*w + 68. What is the units digit of w?
5
Suppose -25 = 5*y - 0*y, -5*y - 39 = 2*o. What is the units digit of -8*((-21)/(-6))/o?
4
What is the units digit of 152 - (-4)/6*6?
6
Let n be 20/(-30) - (-1)/(-3). What is the tens digit of (-5 + n)/(4/(-22))?
3
Let j be 0*3/6*-1. Suppose j = -3*t + 1 + 8. What is the units digit of t?
3
Let i(j) = -j - 7. Let u be i(-7). Suppose 0*w + w - 3 = u. What is the units digit of w?
3
Suppose 3*l - 2 + 5 = 0. Let f be (7/3 + l)*18. Suppose 0*p - f = -3*p. What is the units digit of p?
8
Suppose 0 = -5*g - 0*g. What is the units digit of 6/6 - (-11 - g)?
2
Let o(k) = -4*k - 21. Let x be o(-9). Suppose -48 = -a + g, -180 - x = -4*a + 3*g. What is the units digit of a?
1
Let o be (2 - (-6)/(-2))/(-1). Let b(l) = 10*l**2 - 2*l + 1. What is the units digit of b(o)?
9
Suppose 4*u - 1 = 11. Let f = u - -1. What is the units digit of f?
4
Let g(m) be the first derivative of -m**4/4 + 11*m**3/3 + 12*m + 8. Let n(p) = -2*p + 3. Let b be n(-4). What is the units digit of g(b)?
2
Let q be (7 - 10)/((-6)/(-4)). What is the tens digit of ((-3)/q)/(3/44)?
2
Let p = 23 + -16. What is the units digit of p?
7
Suppose -3*n + n - 5*c = -269, -5*n - c + 684 = 0. What is the units digit of n?
7
Let q(z) = -z**3 + 3*z**2 - 4*z + 3. Let x be q(2). Let o be 1 + (-7 + x - 1). What is the units digit of o/(-6)*30/4?
0
Let n(f) = f**3 - 7*f**2 + 8*f - 8. What is the units digit of n(6)?
4
Suppose -4*x = -12 + 4. What is the units digit of x?
2
Let w(j) = -j**3 + 3*j**2 + 2*j - 3. Suppose 3 - 9 = -3*u. What is the units digit of w(u)?
5
Let g(f) = 4*f + 67. What is the tens digit of g(0)?
6
Let q = 21 - 31. What is the units digit of 15/q*(2 - 16)?
1
Let a(s) = -121*s + 5. What is the hundreds digit of a(-1)?
1
Let g be 6/10 - 4/(-10). Suppose -2*f + f = -g. What is the units digit of f?
1
Let b(n) = -3*n - 1 - 2*n + 2*n. What is the tens digit of b(-5)?
1
Suppose 5*w + 0*r - 4*r + 58 = 0, 23 = -w - 3*r. Let u = 27 + w. What is the units digit of u?
3
Let v(x) = -3*x + 62. What is the units digit of v(0)?
2
Let g be (2/(-4))/((-9)/720). Suppose -3*o + 4 = -o. What is the units digit of o/5 + 24/g?
1
Suppose 5 + 3 = 4*g. Suppose -5*d + 155 = -4*h, 4*d - g*h - 124 = 2*h. What is the units digit of d?
1
Suppose -4*w = -5*w + 195. What is the tens digit of w?
9
Let u(j) be the first derivative of -j**3/3 - 15*j**2/2 - 14*j - 4. What is the tens digit of u(-10)?
3
Let w be 6/(-27) - 47/(-9). Suppose v - 3*v + 36 = 5*k, 9 = 4*k - w*v. What is the units digit of k?
6
Let s(f) = f + 15. Let n be s(-7). Suppose 3*r = n*r - 185. What is the tens digit of r?
3
Let s(y) = -y**3 + 6*y**2 + 4*y - 4. Let l be s(6). Let t be (-104)/l - (-2)/10. Let r(h) = -h - 4. What is the units digit of r(t)?
1
Let u(b) = b + 1. Let z be u(3). Suppose a + a + z*p = -6, -4*p = -3*a + 31. What is the units digit of a?
5
Suppose -2*q + 5*m = 17, 3*q + q - 26 = -2*m. Suppose 3*l - 3 = 4*l. Let j = l + q. What is the units digit of j?
1
Suppose -2 + 6 = -4*y. What is the units digit of (5/((-15)/9))/y?
3
Suppose -3*g + 20 = 2*g. Suppose 19 = g*p - 1. Suppose 0 = p*x + 5*s - 85, -4*x - 4*s = s - 69. What is the units digit of x?
6
Let t(l) = l**2 + 6*l + 9. Let h be t(-6). Let p = 7 + -5. Suppose p*m - 3*o - h = -4*o, 2*o = -m. What is the units digit of m?
6
What is the tens digit of 7/2*5/(5/108)?
7
Suppose -6 = -2*y + 4*o, y - 3*o - 9 = -2*y. Let t = -4 + y. Let p = 5 - t. What is the units digit of p?
6
Let o(r) = -r**3 - r**2 - r - 1. Suppose 0 = -3*b - 2*b + 4*w - 80, -2*b - 19 = w. Let p be ((-6)/(-4))/(9/b). What is the units digit of o(p)?
5
What is the units digit of 16/(-24)*(-186)/4?
1
Suppose 2*q - 2*j = 2 + 2, 5*q - 10 = -4*j. What is the units digit of q?
2
What is the units digit of (-828)/(-81) - (-4)/(-18)?
0
Let n(u) = -8*u**2 - 10*u + 2*u**2 + 3*u**3 - 4*u**3 + 4 - 5*u**2. Suppose -7*y - 30 = -4*y. What is the units digit of n(y)?
4
Suppose -2*z - 9 = -5*z + 2*w, 0 = z + 5*w - 3. What is the units digit of z?
3
Suppose 4*q = 0, 2*r + r = -5*q - 60. Let w = r - -57. What is the tens digit of w?
3
Suppose 2*p - 18 = 8. Let d = -2 - p. Let o = d - -23. What is the units digit of o?
8
Let v = 13 - 13. Suppose 3*q - 18 = -v*q. What is the units digit of q?
6
Suppose 5*l = 510 + 35. What is the units digit of l?
9
Suppose -4 = s + 4. Let t be (-13)/(-4) - (-2)/s. Suppose t*z + 3*p - 21 = 0, 2*z - 4*p + 4 = 6. What is the units digit of z?
5
Suppose 2*r - 6 = -r. Let v(d) be the first derivative of d**3 - d**2 - d + 1. What is the units digit of v(r)?
7
Suppose 0 = 2*m - 2*x + 3*x - 20, 42 = 4*m + 3*x. Let h be (-3)/m + 61/3. Suppose 0 = -0*l - 2*l + h. What is the units digit of l?
0
Let g(o) = o**2 + 7*o - 3. What is the units digit of g(-16)?
1
Let j(t) = -t**2 + 22*t + 27. What is the tens digit of j(22)?
2
Suppose -3*o - 19 = -3*h + 2, -o - 5 = 0. Suppose -h*f = -4*w + 3*w - 31, 0 = -2*f + 5*w + 51. What is the units digit of f?
3
Let w(b) be the second derivative of 4*b**4/3 + b**3/3 + b**2/2 - 2*b. What is the units digit of w(-1)?
5
Suppose 35 = 3*x - 58. What is the units digit of x?
1
Let g be 20/(-8)*36/(-10). Let p = g + 3. What is the units digit of p?
2
Suppose 0 = -4*g + 202 - 58. What is the tens digit of g?
3
Let f = -5 - -8. Suppose q = -f*d + 15, -2*q + 2*d - 1 = -7. What is the units digit of q?
6
Suppose -28 - 1 = -4*t + r, -4*r = 2*t - 28. What is the units digit of t?
8
Suppose 8 = -5*k - 277. Let q = k - -95. What is the units digit of q?
8
Let y(u) = -u + 2. Let f be y(3). What is the units digit of (28/12)/(f/(-3))?
7
Let t(a) = 40*a - 18. What is the tens digit of t(7)?
6
Let p(j) = j**2 - j - 2. Suppose -5*i + 5 + 20 = 0. What is the tens digit of p(i)?
1
Let p be (-9)/5 - (-3)/(-15). Let n be (1 - -2) + (-2)/p. Suppose n*z + 0*z - 28 = 0. What is the units digit of z?
7
Let b(w) = w**2 + 15*w + 18. What is the tens digit of b(-16)?
3
Suppose a - 2*a = -4. Suppose 4*x - 8 = a. What is the units digit of x?
3
Suppose 0 = 5*u - 47 - 113. Let r = u + -19. What is the tens digit of r?
1
Let g(t) = t**3 - 4*t + 3. Let n be g(2). Let v = n - 3. Suppose v = 2*s - 14 - 10. What is the units digit of s?
2
Suppose -8*d - 36 = -10*d. Suppose w + 59 = 5*r - d, 2*w = 4*r - 58. What is the tens digit of r?
1
Let n(r) = -1 + 3*r + 0*r**2 + 5 - 4*r**2 - r**3. Let c be n(-4). What is the units digit of ((-20)/(-16))/((-2)/c)?
5
Suppose -26 = 4*i - 3*y, 5*y - 7 = 3*i + 18. Let s(z) = z**2 + 7*z + 7. Let g be s(i). Let u = 12 + g. What is the units digit of u?
9
Suppose 0*g + 14 = 2*g. Let w(c) = -c**3 +